= 4, 73 = -0*k + k + 2*a. Suppose -k - 345 = -3*q. What are the prime factors of q?
2, 71
Let k(u) = 47*u**3 + 12*u**2 + 14*u - 54. What are the prime factors of k(5)?
41, 151
Suppose -2*v = 3*x - 260, 0 = -3*v + x + 3*x + 441. What are the prime factors of v?
139
Let r = 10687 - 721. List the prime factors of r.
2, 3, 11, 151
Let o(x) = 15*x + 43. Let i be (9/(-6))/((-18)/96). What are the prime factors of o(i)?
163
Let m(g) = g**2 + 8*g - 23. Suppose 3*d + 26 = -l, -4*l - 4*d - 64 = -0*l. Let y be m(l). Suppose y*j - 11*j = -43. What are the prime factors of j?
43
Let h(u) = -19101*u + 2886. List the prime factors of h(-3).
3, 20063
Suppose 0 = -2*q - 127 - 51. Let s = 28 - q. What are the prime factors of s?
3, 13
Let w = 388 - 209. Let m = w + -80. List the prime factors of m.
3, 11
Let d(a) = -2*a + a**2 + 0*a**2 + 7 + 9. Let x be d(0). What are the prime factors of (1 - 74)*(15 - x)?
73
Let c(s) = 91*s**2 + 245*s + 1472. What are the prime factors of c(-6)?
2, 11, 149
Let w = -335 - -370. Suppose 6016 = w*y - 27654. List the prime factors of y.
2, 13, 37
Suppose x = -2*x + 15. Let g(n) = -n**2 - 17*n + 171. Let b be g(-24). Suppose -y - 51 = -x*w - 208, -b*y = -3*w - 411. What are the prime factors of y?
2, 3, 11
Let f(c) = 325*c**2 - 7*c - 77. What are the prime factors of f(4)?
5, 1019
Suppose 2*m = 5*m - 519. Suppose -4*y - 6*o = -4*o - 26, 0 = -y - o + 8. Suppose -y*v + 182 = -m. What are the prime factors of v?
71
Let w be -4 + (12/(-4)*1 - -4). Let d be 4 + (5 - 6) + w. Suppose -2*r = 4*c - 86, -4*c - 5*r - 38 + 139 = d. What are the prime factors of c?
19
Suppose -110*g + 2505218 = -1081002. List the prime factors of g.
2, 16301
Suppose 2*t - 3 = -7, -4*w + 90 = 3*t. Let m(b) = b**2 + 26*b - 11. Let d be m(w). Suppose -s + 225 = -4*l + l, 5*s = -l + d. List the prime factors of s.
3, 79
Suppose 5*l = -3 + 18, -u - 3*l = -6. Let y(c) = c**3 + c**2 - 6*c + 8. Let o be y(-6). What are the prime factors of o*(-1)/(-6)*u?
2, 17
Suppose -134 = -161*b + 159*b. Let d = b - 63. Suppose d*k - 5*l - 712 = 0, 4*k + 4*l - 503 = k. What are the prime factors of k?
173
Suppose -179*r = -174*r - 50. Suppose -r*m = -16*m + 2970. List the prime factors of m.
3, 5, 11
Let x(l) = -l**3 + 15*l**2 - 14*l + 5. Let s be x(14). Suppose 0 = 4*j - 2*q + 56, s*j - 2*q = 3*j - 28. Let a(d) = -6*d - 4. List the prime factors of a(j).
2, 5
Suppose -18 = -2*d + n, 2*d = -6*n + 4*n + 24. What are the prime factors of d?
2, 5
Let t be 342/152*(-1 - (-2 - 6987)). Suppose t + 1233 = 18*s. List the prime factors of s.
2, 3, 157
Let b(d) = -4*d**3 - 2346*d**2 + 2344*d**2 + 10 + 5*d + d. What are the prime factors of b(-4)?
2, 3, 5, 7
Suppose -o - 144 = 7*o. Let c be (-43)/(-9) + ((-20)/o)/5. Suppose 126 + 167 = 4*l - 5*x, c*x - 323 = -4*l. List the prime factors of l.
7, 11
Let g = 119 - 208. Let f(i) = i**2 - 39*i - 574. Let j be f(48). Let z = g - j. List the prime factors of z.
53
Suppose -19 = d - 15. List the prime factors of 6 + d + (263 - 12/4).
2, 131
Suppose -4*t + 2*j + 357 = t, -t + 4*j + 57 = 0. Let r = t - -16. List the prime factors of r.
89
Let s(a) = 414*a. Let c(t) = t**3 - t**2 - 6*t - 3. Let z be c(-2). Let m be s(z). List the prime factors of m/9*1/(-3).
2, 23
Suppose -2*r + 789 = 5*d, 777 = 18*r - 16*r + d. What are the prime factors of r?
3, 43
Let i(l) = 2*l**2 + 6*l + 2. Let q(f) = -f**3 - 11*f**2 + 11*f - 15. Let r be q(-12). Let a be i(r). Suppose 0 = -0*z - a*z + 164. List the prime factors of z.
2, 41
Let x(f) = 241*f**2 - 237*f - 49. List the prime factors of x(6).
5, 11, 131
Let n = -85 + 84. List the prime factors of (((-52)/16)/(-13))/(n/(-44)).
11
Suppose 2*l + 5*m = 252 + 14, -5*l + 638 = -m. Suppose 5*b = r - 380, -5*b = r - 212 - l. What are the prime factors of r?
2, 3, 5
Let b(n) be the second derivative of n**5/20 + 3*n**4/4 - n**3/2 - n**2 + 49*n. What are the prime factors of b(-6)?
2, 31
Let n = 1028 - 119. Suppose 6*o = n + 1731. What are the prime factors of o?
2, 5, 11
Let l = 49 - 47. Suppose 4*r = -0*o + o + 10, 0 = -l*r - 3*o + 12. Let w(g) = 48*g - 8. What are the prime factors of w(r)?
2, 17
Let r(b) = -3*b**3 + 9*b**2 + 14*b + 8. Let k(c) = c**3 + c. Let x(m) = 2*k(m) + r(m). List the prime factors of x(10).
2, 17
Suppose -8*u = 45 - 141. What are the prime factors of (59930/156 - 2/u) + -1?
383
Let l(j) = j**3 - j**2 + 2. Let u be l(0). Let y be (u - 17)/(((-84)/8)/7). Suppose -y*c + 9*c + 27 = 0. List the prime factors of c.
3
Let b(i) = -i + 10. Let y be b(0). Let n be (1188/(-20))/((-2)/y). Suppose 5*v - 72 = -k, 2*k + 4*v = -3*k + n. List the prime factors of k.
3, 19
Suppose -27 = -5*n - 7. Suppose 23*o - 2*j = 20*o + 122, 168 = 4*o - 4*j. Suppose -x = -n, -g = 2*x - 20 - o. List the prime factors of g.
2, 5
Suppose i = -1 + 7. Suppose 2*u - 504 = 5*l, -3*u + 3*l - 777 = -i*u. Suppose 3*h + u = -2*y + 1008, 2*y - 1245 = -5*h. What are the prime factors of h?
13, 19
Let y = 52 - 45. Suppose 695 + 3568 = y*c. List the prime factors of c.
3, 7, 29
Suppose -2*x + 29167 = -o, -153*x - 43775 = -156*x - 2*o. List the prime factors of x.
29, 503
Let x(b) = 3*b**3 - 34*b**2 - 12*b + 39. List the prime factors of x(16).
47, 73
Let w(u) = -u**2 + u. Let m be w(0). Suppose 3*f + 3*a = 456 + 582, -a - 3 = m. What are the prime factors of f?
349
Let s(v) = -12*v**3 - 2*v**2 - v. Let q be s(-1). Suppose -19*a + 1250 = 1440. List the prime factors of a*(4 - (q - -3)).
2, 5
Suppose o + 3*t = 16414, -49268 = -1386*o + 1383*o + 4*t. List the prime factors of o.
2, 5, 821
Suppose -11*a + 10*a = 2*b - 6319, -a = 4*b - 12641. What are the prime factors of b?
29, 109
Let y(p) = 8*p - 16. Let h be y(8). Let r = h - 42. Suppose -3 = r*s - 7*s. List the prime factors of s.
3
Suppose 97*n - 313538 = 728436. What are the prime factors of n?
2, 41, 131
List the prime factors of 5 + ((-2)/14 - 843984/(-252)).
2, 3, 13, 43
Let c = -13 + 16. Suppose -4*r + 4*s - 6*s + 16 = 0, 2*r = -c*s. Suppose -r*z = -487 - 185. List the prime factors of z.
2, 7
Let i be (3 - -5 - 1) + -536. Let o = i + 1167. List the prime factors of o.
2, 11, 29
Let a be 28/6*138/161. Let z(l) be the first derivative of 4*l**3/3 - 4*l**2 + 10*l - 1. List the prime factors of z(a).
2, 3, 7
Let p be (-3 + 7/2)*-74. Let k = -49 - p. List the prime factors of (-1052)/k + (-2)/(-6).
2, 11
Suppose 5*w - 555 = -70. Let l = 162 - w. Let c = l + -47. What are the prime factors of c?
2, 3
Let t be (11 - (-92)/(-8))/((-2)/12). Suppose -t*n + 0*n + 1305 = 0. What are the prime factors of n?
3, 5, 29
List the prime factors of 1 + 15906 + (-14 - -30).
15923
Let j(g) = -g**3 + 15*g**2 - 4*g - 29. Let c be j(15). Let t = c + 194. Let h = 174 - t. List the prime factors of h.
3, 23
Suppose -81*o + 298304 = -78022. List the prime factors of o.
2, 23, 101
Let b(a) be the third derivative of -a**4/24 - 4*a**3 + 27*a**2. Let g be b(-24). Suppose g = -t - 5, -n + 78 + 63 = 5*t. What are the prime factors of n?
2, 83
Let b(s) = 185*s**2 + 212*s**2 - 363*s**2 + 8*s + 32. List the prime factors of b(-6).
2, 151
Let p(i) = -i**2 - 24*i - 12. Let f(k) = 3*k + 19. Let b be f(-5). Suppose 4*n = 4*x + 72, 0*x + 2*n = -b*x - 54. What are the prime factors of p(x)?
3, 41
Let i(o) = -2 - 44 + 12*o - 50. What are the prime factors of i(20)?
2, 3
Suppose 0 = k + f + 149 + 184, f + 995 = -3*k. Let l = 1002 + k. What are the prime factors of l?
11, 61
Suppose d + 63 = -3*w, -128 = 2*d + 2*w + 3*w. Let p = d - -73. Suppose -108 = -p*r - 2*x, 2*x = 1 + 3. List the prime factors of r.
2, 13
Suppose l + 14 - 40 = 0. Suppose -l*d - 16*d = -30912. What are the prime factors of d?
2, 23
Let c(a) = -a**2 + 5*a - 2. Let p be 171/38 + 2/(-4). Let d be c(p). Suppose -2*w = -4*y + 372, -2*y = d*y - 5*w - 378. List the prime factors of y.
2, 23
Suppose 5*g - 143 = -83. Suppose g*s - 7566 = -s. List the prime factors of s.
2, 3, 97
Suppose -4*c - f = -64025, -2*f + 80035 = -186*c + 191*c. List the prime factors of c.
3, 5, 11, 97
Let y = -20961 + 45982. List the prime factors of y.
131, 191
What are the prime factors of (-102*16/120)/(5/(-4400))?
2, 11, 17
Let o = 505 + -175. Suppose -328*s - 906 = -o*s. List the prime factors of s.
3, 151
Let y(l) = 11*l - 5. Let i be y(4). Let z = i + -36. Suppose 40 = z*f - 110. Wh